the highest common divisor of 14 and 14.
14
Calculate the greatest common factor of 253 and 46.
23
Calculate the greatest common factor of 62 and 8742.
62
What is the greatest common divisor of 1125 and 105?
15
Calculate the highest common divisor of 76 and 1292.
76
What is the highest common factor of 16 and 200?
8
What is the highest common divisor of 12 and 300?
12
Calculate the greatest common factor of 297 and 1221.
33
What is the greatest common divisor of 216 and 552?
24
What is the highest common divisor of 546 and 3?
3
What is the greatest common divisor of 24 and 9774?
6
What is the greatest common factor of 10 and 82?
2
Calculate the greatest common divisor of 153 and 21.
3
What is the highest common factor of 1 and 582?
1
What is the highest common divisor of 30 and 105?
15
Calculate the highest common divisor of 312 and 24.
24
What is the highest common factor of 338 and 78?
26
Calculate the greatest common factor of 600 and 1380.
60
Calculate the greatest common divisor of 532 and 722.
38
What is the greatest common divisor of 117 and 828?
9
Calculate the highest common factor of 4 and 6548.
4
What is the greatest common factor of 22 and 30?
2
Calculate the highest common factor of 234 and 13.
13
What is the highest common divisor of 561 and 153?
51
Calculate the highest common divisor of 1302 and 62.
62
What is the greatest common factor of 2728 and 1674?
62
What is the greatest common factor of 69 and 42?
3
What is the highest common factor of 66 and 462?
66
What is the highest common factor of 148 and 3108?
148
What is the highest common factor of 650 and 702?
26
Calculate the highest common factor of 102 and 714.
102
Calculate the greatest common factor of 3730 and 10.
10
What is the highest common divisor of 2145 and 15?
15
What is the highest common divisor of 474 and 3950?
158
What is the greatest common factor of 572 and 260?
52
What is the greatest common divisor of 34 and 6052?
34
Calculate the greatest common factor of 209 and 57.
19
Calculate the greatest common divisor of 101 and 1111.
101
Calculate the greatest common divisor of 123 and 41.
41
What is the highest common divisor of 75 and 861?
3
Calculate the greatest common factor of 625 and 50.
25
What is the highest common factor of 9316 and 34?
34
What is the highest common divisor of 656 and 1552?
16
What is the greatest common factor of 56 and 3164?
28
Calculate the greatest common divisor of 969 and 2.
1
What is the highest common divisor of 1359 and 755?
151
What is the greatest common factor of 9 and 18?
9
Calculate the greatest common divisor of 1055 and 844.
211
Calculate the greatest common divisor of 3 and 8223.
3
What is the greatest common factor of 273 and 42?
21
Calculate the highest common factor of 118 and 295.
59
Calculate the greatest common factor of 1188 and 24.
12
Calculate the highest common divisor of 605 and 110.
55
What is the highest common factor of 3992 and 8?
8
What is the greatest common divisor of 7 and 1?
1
What is the highest common divisor of 34 and 62?
2
What is the highest common factor of 270 and 36?
18
Calculate the highest common divisor of 9321 and 195.
39
Calculate the highest common divisor of 1357 and 46.
23
Calculate the highest common factor of 174 and 6.
6
What is the greatest common divisor of 164 and 902?
82
Calculate the greatest common factor of 4 and 58.
2
What is the greatest common factor of 77 and 175?
7
Calculate the highest common factor of 227 and 12031.
227
What is the greatest common factor of 36 and 72?
36
Calculate the greatest common factor of 1539 and 57.
57
Calculate the greatest common divisor of 30 and 1680.
30
What is the greatest common divisor of 476 and 28?
28
Calculate the highest common factor of 217 and 93.
31
Calculate the greatest common factor of 108 and 84.
12
What is the highest common factor of 880 and 620?
20
What is the greatest common divisor of 16 and 20?
4
What is the highest common divisor of 26 and 10?
2
What is the greatest common divisor of 4844 and 28?
28
Calculate the greatest common factor of 42 and 672.
42
What is the highest common factor of 345 and 15?
15
Calculate the greatest common divisor of 3154 and 304.
38
Calculate the highest common divisor of 256 and 192.
64
What is the highest common divisor of 1176 and 280?
56
Calculate the highest common factor of 352 and 32.
32
Calculate the greatest common factor of 2052 and 399.
57
What is the greatest common divisor of 11376 and 144?
144
What is the greatest common divisor of 21 and 93?
3
Calculate the greatest common divisor of 703 and 19.
19
What is the greatest common divisor of 12 and 2202?
6
What is the highest common divisor of 4539 and 102?
51
What is the highest common factor of 130 and 325?
65
Calculate the greatest common factor of 18 and 688.
2
Calculate the highest common divisor of 30 and 42.
6
What is the highest common divisor of 5 and 636?
1
Calculate the greatest common divisor of 4237 and 76.
19
Calculate the greatest common divisor of 1912 and 24.
8
Calculate the highest common divisor of 1960 and 5.
5
What is the highest common factor of 567 and 7?
7
Calculate the highest common divisor of 1001 and 286.
143
What is the greatest common divisor of 224 and 256?
32
Calculate the greatest common factor of 324 and 396.
36
What is the highest common divisor of 799 and 323?
17
What is the greatest common factor of 2044 and 28?
28
Calculate the highest common factor of 224 and 12.
4
Calculate the highest common factor of 2 and 807.
1
Calculate the highest common factor of 14 and 28.
14
What is the greatest common divisor of 296 and 16?
8
Calculate the highest common divisor of 8701 and 33.
11
Calculate the greatest common divisor of 966 and 448.
14
Calculate the greatest common divisor of 37 and 1961.
37
What is the highest common factor of 9 and 45?
9
What is the highest common divisor of 40 and 90?
10
What is the highest common factor of 138 and 12?
6
What is the highest common factor of 304 and 6479?
19
What is the greatest common factor of 125 and 41000?
125
Calculate the greatest common divisor of 2106 and 486.
162
What is the highest common divisor of 154 and 1639?
11
What is the highest common factor of 204 and 1564?
68
Calculate the highest common divisor of 6 and 411.
3
What is the highest common divisor of 128 and 56?
8
Calculate the greatest common divisor of 34 and 612.
34
What is the greatest common factor of 72055 and 5?
5
Calculate the greatest common divisor of 138 and 184.
46
Calculate the greatest common divisor of 80 and 2455.
5
Calculate the highest common divisor of 532 and 152.
76
What is the highest common factor of 1666 and 294?
98
What is the highest common factor of 144 and 160?
16
What is the greatest common divisor of 588 and 483?
21
Calculate the highest common divisor of 4 and 256.
4
Calculate the greatest common divisor of 132 and 2816.
44
Calculate the highest common divisor of 901 and 51.
17
Calculate the highest common divisor of 122 and 549.
61
What is the greatest common factor of 1036 and 21?
7
Calculate the highest common factor of 11775 and 75.
75
What is the greatest common factor of 51 and 6?
3
What is the highest common divisor of 8249 and 226?
113
Calculate the greatest common divisor of 385 and 154.
77
What is the highest common divisor of 26 and 4420?
26
Calculate the highest common divisor of 2275 and 65.
65
What is the greatest common divisor of 30 and 130?
10
Calculate the highest common factor of 6 and 14.
2
What is the greatest common factor of 35 and 7?
7
Calculate the greatest common divisor of 13 and 377.
13
What is the highest common divisor of 56 and 1582?
14
Calculate the highest common divisor of 32 and 336.
16
What is the highest common divisor of 713 and 186?
31
What is the greatest common divisor of 40 and 16?
8
What is the greatest common factor of 60 and 52980?
60
Calculate the highest common factor of 15 and 4.
1
What is the greatest common divisor of 12 and 36?
12
What is the greatest common factor of 798 and 70?
14
Calculate the highest common factor of 240 and 1770.
30
What is the greatest common divisor of 3211 and 304?
19
What is the highest common factor of 1690 and 10?
10
What is the highest common factor of 233 and 5825?
233
Calculate th